v?
11
Let h be (-10)/6*54/(-45). Suppose j - 5*r = 3 - 7, h*j - 14 = -r. Let y be 46361/716 - 5/(-4). What is the greatest common factor of j and y?
6
Let v(h) = -6 + 3*h + 7*h**2 - h**2 + 309*h**3 - 308*h**3. Let k be v(-5). Suppose 0 = -3*i - k*i + 77. Calculate the highest common factor of i and 22.
11
Let v be 91910/364*(0 - -1 - (0 + -5)). What is the highest common divisor of 240 and v?
15
Let t be (1 + 5)/(-4 - (-179)/44). What is the highest common divisor of 737 and t?
11
Let v be 10*(18/4 - 3). Let p be 115 + -1 - (7 - 12). Let n = p - -16. Calculate the greatest common factor of v and n.
15
Let i = 160 - 140. Suppose 2*h = -10, -5*s = h - 885 + i. What is the highest common divisor of 58 and s?
58
Let r be (1 + 0 - -11) + (-683 - -700). Calculate the highest common divisor of r and 8207.
29
Let f(k) = k + 1. Let m be f(1). Let z(j) = -2 + 12*j - 5*j**2 - 5*j + 8*j**m - 9. Let i be z(2). What is the highest common factor of i and 5?
5
Let b = -5145 - -5635. Calculate the highest common divisor of b and 1260.
70
Let r = -108544 + 153988. What is the greatest common factor of r and 21?
21
Suppose -92*s = -81*s. Let u be (2 + 3)/(s + 1). What is the highest common factor of 16 and u?
1
Let x(y) = y**3 + 11*y**2 + 17*y - 6. Let s be x(-11). Let f = s + 213. What is the highest common divisor of f and 16?
4
Suppose 16*v - 308 = -a + 21*v, -5*v = 20. Let d be (4 - 4) + 3*-11. Let u = d + 69. What is the greatest common divisor of u and a?
36
Let j = -92 - -66. Let n = j + 21. Let m be -1 - -7 - (-1 - 4 - n). What is the highest common factor of m and 66?
6
Let p = -49 - -129. Suppose 32 = 2*g - p. What is the greatest common factor of 14 and g?
14
Suppose 406 = 2*g - 3*z - 730, 4*g = 5*z + 2280. What is the highest common factor of 10904 and g?
116
Let p be 30 - -1 - (-4 + (1 - -2)). Let n = p - 35. Let a be (-3 + 4 + -2)*n. What is the highest common divisor of 27 and a?
3
Let h = 21732 + -21668. Let a be ((-3)/6)/((-5)/480). What is the highest common divisor of a and h?
16
Suppose 0 = 27*j + 67*j - 740532. What is the greatest common divisor of j and 6?
6
Suppose 34*h - 90 - 46 = 0. Suppose r - 2 = -h*o + 58, 2*r - 70 = 2*o. Calculate the greatest common divisor of r and 5.
5
Let f(o) = -4*o + 4*o - 48 - 8*o. Let w = -63 - -42. Let a be f(w). What is the highest common factor of a and 48?
24
Let x be (-1)/2*0 + 45. Let h be 23867/1595 - 6/(-165). Calculate the greatest common divisor of h and x.
15
Suppose 0 = 134*j - 3568 - 1926. Let b be (1/3)/((-4)/(-8364)). What is the highest common divisor of b and j?
41
Suppose -i = -39 + 21. Let u be 267/2 - (-27)/i. Calculate the highest common factor of u and 54.
27
Let c(l) = l**3 - 43*l**2 - 53*l + 109. Let z be c(44). Let d = -285 - z. Calculate the greatest common factor of 1 and d.
1
Let q = -13155 + 13705. Calculate the greatest common factor of 325 and q.
25
Suppose 0 = -3*x + p + 371 + 419, 5*x - 5*p - 1330 = 0. What is the highest common divisor of 1310 and x?
262
Suppose -u + 8 = -2*p, -4*u + 2*p = -54 + 16. Let j = -246 - -254. Calculate the greatest common factor of u and j.
2
Let x = -901 - -401. Let o = -1102 - x. Let z be 9/((-441)/o) + (-4)/14. Calculate the greatest common divisor of 24 and z.
12
Let f = 61 + -42. Let c be 0/(1 - (-28)/7). Let z = 38 - c. Calculate the greatest common divisor of f and z.
19
Let k(o) = 3*o**3 - 10*o**2 - 30*o + 418. Let r be k(11). What is the greatest common divisor of 33 and r?
33
Suppose 5551 + 1617 = 56*a. What is the greatest common divisor of 288 and a?
32
Let v be 32*(-1 - (-74 - -1)). Suppose 23*x + v = 59*x. What is the highest common factor of x and 8?
8
Let m = -378 - -297. Let i be ((-6)/8)/(m/144)*30. What is the greatest common divisor of i and 60?
20
Let k(r) = 4*r**2 - r - 24. Let h be k(4). What is the greatest common factor of 4032 and h?
36
Let z be (-10)/(-4)*(-40)/(-50). Suppose 3*v = -3*d + 225, -d - 75 = -z*d - 4*v. What is the greatest common factor of d and 3?
3
Suppose -12 = -4*s + s. Suppose -s*j = -j - 4*g + 664, 689 = -3*j - g. Let c be j/(-10)*(-3 + (-33)/(-6)). What is the highest common divisor of c and 19?
19
Suppose -40195 = -9*p + 7*p + t, -4*p - t + 80399 = 0. Calculate the highest common factor of 199 and p.
199
Let t be (-12)/90 - 31925/(-375). Calculate the highest common divisor of t and 3995.
85
Suppose -62*t + 64*t = -2*x + 9520, 0 = 4*t + 36. What is the highest common factor of x and 1255?
251
Suppose -33970 = -285*b + 6785. Let v = 18 - 5. What is the greatest common factor of v and b?
13
Suppose 0 = 2*o + 4, -4*w + 3 + 41 = -2*o. Suppose -3*r = 5*r - 128. Let j = r + 64. Calculate the highest common factor of j and w.
10
Let u be (0 + -1)/(0 + 3/18). Let v be (-18)/(-27) - (-574)/u. Let h be 1/5 - 2071/v. What is the highest common divisor of 2 and h?
2
Let w be (-663)/(-65) - (16/(-20) + 1). Let m(o) = o**3 - 9*o**2 - 7*o + 33. Let a be m(w). Calculate the highest common factor of a and 72.
9
Let b(u) = -4*u**3 - 2*u**2 - 9. Suppose 3*v + 3*r + 6 = 2*v, 4*r + 4 = 0. Let q be b(v). Calculate the highest common divisor of 189 and q.
27
Let z(p) = 45*p**3 + p**2 - 3*p + 1. Let k be z(2). Let h(b) = -8*b**2 + 7*b + 4. Let s be h(-5). Let v = s + k. What is the highest common divisor of v and 32?
32
Let k = 37 + -10. Suppose 5*j = -5*i + 15, 3*i + 2 - 11 = 0. Suppose 3*t - 111 - 3 = -u, 4*u + 4*t - 440 = j. Calculate the greatest common divisor of u and k.
27
Suppose 117*u = 93*u + 529440. Calculate the highest common factor of u and 20.
20
Let m = -51 - -99. Suppose w - m = -2*w. Let u be (w/12 - 2)/(2/(-12)). What is the highest common factor of u and 4?
4
Suppose 0 = 3*x + 4*t - 1144, -4*t + 213 = x - 163. Calculate the greatest common divisor of x and 78.
6
Let v(j) = 7*j + 4. Let b be v(1). Suppose -2*o - 507 = b*o. Let y = 51 + o. What is the highest common divisor of 36 and y?
12
Let q be -2 + -4 + 41008/132 + 8/6. Calculate the highest common factor of q and 544.
34
Let n(y) = -y**2 + 5*y - 1. Let x be n(3). Suppose x*g = -2*m + 57 + 28, -3*m - g = -108. What is the highest common factor of m and 280?
35
Suppose 173*v + 53 - 53 = 173. Calculate the highest common divisor of v and 416.
1
Let b be ((-218)/(-3))/((-10)/(-45)). Suppose 6*u - 2*n - 150 = 5*u, -b = -2*u - 5*n. What is the highest common factor of u and 39?
39
Suppose 6580*j = 6593*j - 5408. What is the greatest common divisor of j and 7592?
104
Suppose -1 = -x, 2*x - 194 = -3*f - 24. Let u be ((-540)/(-9))/((1235/(-78))/(-19)). Calculate the greatest common divisor of f and u.
8
Let q(j) = j**2 + 15*j + 58. Let h be q(-7). Let u(s) = 3*s**3 - 3*s**2 + 7*s - 7. Let z be u(h). Calculate the greatest common factor of 171 and z.
19
Suppose -29 = 5*q - 179. Let t = -198614 - -198854. What is the greatest common divisor of t and q?
30
Suppose -32 = -k + 2*x - 13, 2*x - 49 = -3*k. Let l = k - -98. Let v = -5 - -28. Calculate the highest common factor of l and v.
23
Let z be 6/3 + 2/1. Suppose z*u = 7*u - 78. Suppose -2548 = 46*n - 106*n + 3692. What is the greatest common divisor of n and u?
26
Suppose 2*v + 18 = 4*n - 58, v = -4. Let q = -60 - -77. Calculate the highest common factor of n and q.
17
Suppose 34*p - 33*p = -1, 12566 = 3*s - 5*p. What is the highest common factor of 53 and s?
53
Suppose 0 = -l + 5*z + 3400, 4*z = -2*l + 6238 + 618. What is the highest common divisor of 240 and l?
60
Let o be (-4)/((-88)/11)*(276/2 - 0). Calculate the highest common factor of 129 and o.
3
Suppose 0 = 2*f - 5*f + 522. Let b = 27 + -25. Suppose -106 = -2*p + 2*n, 2*p = -p - b*n + f. What is the highest common factor of p and 7?
7
Suppose 3*z - 2 = v + 25, 10 = 2*z. Let y be (-294)/(-4)*-3*8/v. What is the highest common divisor of y and 42?
21
Suppose -4*a = -3*x - 310, 0*x - x = a - 81. Suppose a*r = 77*r + 80. What is the highest common factor of 60 and r?
20
Let r be 110/(-80)*2*(-4)/(-1). Let q be (r - -6)*6/(-30). What is the greatest common divisor of 29 and q?
1
Suppose -4*m + 0*m = -1080. Suppose 2*w - 1 = 3. Suppose 3*o + 2*o + 30 = b, 60 = 2*b + w*o. What is the greatest common factor of b and m?
30
Let m be ((-642)/9)/(28/12)*-28. Calculate the highest common factor of m and 16.
8
Suppose -72*z - 17280 = -127*z + 15*z. Calculate th